 21*w - 181. Is i(-9) a composite number?
False
Suppose -16*g - 4*u = -13*g - 17, -4*u + 20 = 4*g. Suppose -g*h = 2*a - 6*a + 74065, -4*h = -3*a + 55554. Is a a composite number?
True
Let g be (-14 + 10)*(-2 - -1). Suppose 5*x - 1157 = g*q, -2*x + 308 + 156 = -q. Is x composite?
False
Let n be (-1)/(-3) + (-1310300)/(-30). Suppose -68179 = 16*p + n. Let a = 10976 + p. Is a composite?
True
Is (0 - 1949/2)/((-1540)/(-120) + -13) a composite number?
True
Let o = 4358 - -4722. Suppose 18*x + 2402 - o = 0. Is x a composite number?
True
Suppose 10*d - 6*d = 31188. Let s = d - 5096. Is s a prime number?
False
Suppose -9*q + 60 = q. Suppose q*r = 14*r - 120. Suppose -9*z - 5442 = -r*z. Is z a composite number?
False
Suppose -3*t = -t + 42. Let w be (-4)/(-14) - 4782/t. Suppose 8*g - 4*g = w. Is g a prime number?
False
Suppose 18 = 5*v + 8. Suppose 3*m - 3 = -z + v, 0 = 3*m - z - 13. Suppose -5*u + 2*a - 1902 = -10991, 2*a = m*u - 5455. Is u a composite number?
True
Suppose -2*g = -5*a + 35, 0*g - 5 = -4*a - 3*g. Suppose 3*l - a*j = 11174, 4*j = -5*l + 2*j + 18644. Let y = -1675 + l. Is y prime?
True
Is (-5)/(7/(-911974)*10) prime?
True
Suppose 0 = -5*z + 2*z + 15. Suppose -c = z*u - 2*c + 26, 4*c - 4 = 0. Let m(o) = -o**3 + 3*o**2 + 11. Is m(u) prime?
True
Is (-502)/(7524/(-25403) + 2/7) prime?
False
Let m(j) = -24833*j + 1542. Is m(-5) a prime number?
True
Let a(b) = 21*b + 2. Let q be a(-7). Let s(x) = -2*x**3 - 45*x**2 + 23*x - 2. Let r be s(-23). Is q/(-10) + (-1)/r a prime number?
False
Let k(z) = 107*z**2 - 11*z + 144. Let h be k(9). Let t = h + 897. Is t prime?
False
Suppose -8*d - 5*i = -9*d + 123158, 4*d - 2*i = 492686. Is d a prime number?
False
Suppose 2*v - 4441 = -685. Suppose -u = 5*p - v, -11*u - 4*p = -8*u - 5689. Is u prime?
False
Is -8*(-2)/12*(-2345022)/(-24) composite?
False
Let d = -50 - -59. Let u = -16247 - -30036. Suppose 856 = -d*w + u. Is w composite?
True
Suppose -4*r - 4*u + 453748 = 0, 4*r + 0*u - 453748 = -u. Is r prime?
True
Let w(u) = -43*u**2 + 13*u - 19. Let a(f) = -21*f**2 + 7*f - 9. Let v(s) = -13*a(s) + 6*w(s). Let l(t) be the first derivative of v(t). Is l(9) composite?
False
Let n(s) = 56*s**3 + 30*s**2 + 159*s - 63. Is n(28) a composite number?
True
Suppose 4*l + 6*w - 2071228 = 0, -3*l + 156*w + 1553443 = 155*w. Is l a prime number?
False
Let r be (-1)/(-9) - (-10 - 507270/54). Suppose 0 = 3*j + 3*q - 9396, q + r = -0*j + 3*j. Is j a prime number?
False
Let o(z) = 90*z - 64. Let t = -15 - -27. Let m be o(t). Suppose -3*c = k - 244, -4*k - 5*c = -c - m. Is k composite?
True
Let t(n) = -2*n + 5. Let k be t(-15). Is ((-42)/k)/(6/20) + 7821 prime?
True
Let d(j) = 6048*j + 3247. Is d(15) a composite number?
False
Suppose w + 4*a = -0*w - 2, 3*w = -3*a + 3. Let h be w*-1 - (-2 - 7088)/2. Suppose -14*l + 13*l = -h. Is l composite?
True
Let j = 31 + -88. Suppose -14*l - 3956 = -1492. Let x = j - l. Is x a prime number?
False
Suppose 0 = 3*v + 5*p + 228, -3*p + 7 + 83 = -v. Let d = -99 - v. Let a(j) = -130*j - 7. Is a(d) composite?
False
Suppose 2*s - 8 = -i, 0 = 2*i + 3*s - 2*s - 10. Suppose 3*g = -3*p - 12, 6*g - g + 20 = -i*p. Suppose -6*b + 6316 + 8054 = p. Is b prime?
False
Let y(s) = -124*s - 79. Suppose -2*r - 23 = 4*m + 27, 3*m + 45 = r. Is y(m) composite?
False
Suppose 29*z - 28*z = -5*x + 84207, 50537 = 3*x - z. Is x prime?
True
Let c(d) = d**2 + d. Let z be c(-5). Suppose 0 = 8*t - 4 + z. Is (1 + -1306*2)*t/2 a composite number?
True
Let i be 58/(-87)*6/4. Is i + 7 + 986 + -1 a composite number?
False
Let d = -1186230 - -1797017. Is d prime?
True
Suppose -9*m + 7*m = -3*f + 12, -3*f = -5*m - 21. Is (-762)/4*(-4)/f composite?
True
Let f = -431987 + 793698. Is f a composite number?
True
Let f = 11531 + -1630. Is f composite?
False
Let m be ((-30)/75)/((-2)/20). Suppose 0 = -2*q - 8, 6*g - m*q = 3*g + 5035. Is g a prime number?
False
Let z = -95 + 103. Let l be (z/6)/(1 - 2/6). Suppose 794 = l*q - 2*i, -4*q = -0*q - 5*i - 1588. Is q prime?
True
Suppose 3*t - 23 = 10. Suppose 14*x = t*x. Suppose x = 5*h - 2615 - 5100. Is h a composite number?
False
Let g(v) = -12*v**2 - 2*v**3 + 10 + 13*v - 11*v + 29*v. Is g(-13) a composite number?
False
Let d(m) = 1683763*m - 96. Is d(1) composite?
False
Let g = 112 - 112. Suppose 2*x - 761 - 2561 = g. Is x composite?
True
Let k = 177 - 52. Suppose -60*h + 74*h = 6972. Suppose -n = v - h, -4*n - 5*v + k = -1866. Is n composite?
False
Suppose -146*g - 1345893 + 14335780 = 1318793. Is g composite?
False
Let x(f) = f**3 + 33*f**2 + 13*f - 27. Let u be x(-23). Suppose -5083 = -5*c - 3*y - 122, -5*c + u = 2*y. Suppose 3*t = c - 187. Is t prime?
True
Let a(h) = 14*h - 18. Let y be a(2). Let o(v) = 0*v - 8*v**2 - 2*v - 5*v**3 + 6*v**3 - 11 + 3*v**2. Is o(y) composite?
True
Suppose -g - j - 1 = 0, 3*j - 25 = -3*g + 7*j. Suppose -g*k + 20973 = 3105. Suppose 11*z + k = 69261. Is z a prime number?
False
Suppose 12*q + 11 + 1 = 0. Is ((0 + 7)/7)/(q/(-7129)) prime?
True
Let x(m) = -2*m**3 + 12*m**2 + 62*m - 335. Is x(-27) a composite number?
True
Let o = 16215 - 9281. Is o a prime number?
False
Let m(o) = 6845*o + 1773. Is m(6) prime?
False
Let l(b) be the second derivative of -2*b**5/5 - 2*b**4/3 - 5*b**3/2 - 9*b**2/2 + 25*b. Let i be l(-6). Suppose i = v + 523. Is v composite?
True
Suppose -4*d = -5*m + 2807262, 2*d = 29*m - 32*m + 1684388. Is m prime?
False
Let b(u) = -u**3 - 8*u**2 + 7*u + 8. Let y(g) = -g**3 - g**2 + 1. Let i(a) = -b(a) + 2*y(a). Let s be i(5). Is 2/6*(-45744)/s prime?
True
Let m = 15264 + -6063. Is m a prime number?
False
Suppose -2*h + 10 = 0, -16 = 3*a - 2*h - 48. Suppose -9*u = -0*u - u. Suppose y - a - 45 = u. Is y a prime number?
True
Let r(k) = 616*k - 4. Let d(c) = 123*c - 1. Let i(m) = 22*d(m) - 4*r(m). Let n be i(7). Suppose -n - 3797 = -5*x. Is x composite?
False
Let j = -7574 - -17558. Let v = -1853 + j. Is v a prime number?
False
Let m = 3744 - -1835. Is m composite?
True
Let r(m) = 2836*m**2 + 8*m + 1. Let u be r(-5). Suppose -3*t - 2*a = -42523, -a + 3*a = 5*t - u. Is t composite?
False
Let y(p) = 160 + p**3 - 497 - 23*p**2 - 16*p + 163 + 145. Let n(x) = -x**3 - 4*x**2 + 7*x - 6. Let v be n(-6). Is y(v) prime?
True
Let w be 5 - 3*1*20/30. Suppose 0 = 3*v, 0 = -5*c + w*c - 2*v + 10346. Is c a prime number?
False
Let x = -279 + 284. Suppose -x*u + 4*u = -6143. Is u a composite number?
False
Suppose -9*l = -5*l - 12. Let n be (-2 + l + -3)*5. Let h(r) = 15*r**2 - 13*r - 9. Is h(n) prime?
True
Let g(x) be the second derivative of x**2/2 - 9*x. Let y(m) = -34*m + 13. Let z(u) = -4*g(u) + y(u). Is z(-4) a prime number?
False
Let f = -21 + 22. Suppose -23*r - f = -22*r. Is -4 + 3 + r + 649 a composite number?
False
Suppose 4*p = -5*r - 5, -4*r - 6 = -18. Let a(y) = -y**3 - 2*y**2 + 8*y - 7. Let m be a(p). Is (m/2)/((-958)/(-239) - 4) a composite number?
True
Let j be 3 + 29 - (3 - 1). Suppose 5*g + j = -5*i, -2*g - 22 = i + 3*g. Is (-4)/2*((-3924)/8 - i) a prime number?
True
Let i(w) = -151937*w - 376. Is i(-1) prime?
True
Let u(z) = 2425*z**3 - z**2 + 3*z - 1. Let v be u(1). Suppose 2*r = -4*k + 3166, -5*k = 2*r - 1531 - v. Is k composite?
True
Let y be (-992)/96 - (-1)/3. Let l(k) = -k**3 + 11*k - 39. Is l(y) a prime number?
False
Let l(i) = -70586*i + 2811. Is l(-16) a prime number?
False
Let f(i) be the second derivative of -7*i**6/20 - i**5/30 + i**3/6 - 7*i**2/2 - 8*i. Let q(r) be the first derivative of f(r). Is q(-2) a composite number?
True
Suppose 2*h = -3*h + 15. Let a be ((-2)/h)/((-2)/1425). Let y = 710 - a. Is y a prime number?
False
Let z(l) = 28815*l**2 + 441*l + 1319. Is z(-3) prime?
False
Suppose 13357 = 11*m + 81799. Let j = m + 12401. Is j prime?
False
Let r be 7 - 7/(35/10) - -337864. Is 4/26 - r/(-91) composite?
True
Let g(h) = h - 19. Let k(v) = -7*v - 47. Let m be k(-8). Let o be g(m). Is (-101062)/(-130) + 1/(o/(-6)) prime?
False
Let u be -30 + 1 + 3*1. Let w = 24 + u. Is w + 1 + 563 - (-34 + 33) prime?
True
Let x(a) = 4426*a**2 - 83*a + 25. Is x(6) a composite number?
False
Suppose 0 = v - 5*f - 79757, 2*v + 72*f - 159514 = 74*f. Is v prime?
True
Suppose -d = a - 2*d - 20707, d = -5*a + 103553. Let y = a + -12381. Is y composite?
False
Let w = 3286 + 7273. Is w a composite number?
False
Suppose -10974446 = -50*c + 36*c. Is c compo